{"id":40,"date":"2014-06-05T19:55:44","date_gmt":"2014-06-05T19:55:44","guid":{"rendered":"http:\/\/leczgda2.abit.gda.pl\/?page_id=40"},"modified":"2023-06-28T14:58:15","modified_gmt":"2023-06-28T13:58:15","slug":"grafik","status":"publish","type":"page","link":"https:\/\/lecznica.gdansk.pl\/?page_id=40","title":{"rendered":"GRAFIK"},"content":{"rendered":"<p><!--EndFragment--><\/p>\n<table border=\"1\" width=\"100%\" cellspacing=\"0\" cellpadding=\"4\">\n<colgroup>\n<col width=\"51*\" \/>\n<col width=\"51*\" \/>\n<col width=\"51*\" \/>\n<col width=\"51*\" \/>\n<col width=\"51*\" \/> <\/colgroup>\n<tbody>\n<tr valign=\"TOP\">\n<td width=\"20%\"><\/td>\n<td width=\"20%\">\n<p align=\"CENTER\"><span style=\"font-size: large;\"><b>\u00a0Lek.wet.\u00a0\u00a0<\/b><\/span><\/p>\n<p align=\"CENTER\"><span style=\"font-size: large;\"><b>\u00a0 Anna\u00a0 \u00a0 Bielska\u00a0\u00a0<\/b><\/span><\/p>\n<\/td>\n<td width=\"20%\">\n<p align=\"CENTER\"><span style=\"font-size: large;\"><b>Lek. wet.<\/b><\/span><\/p>\n<p align=\"CENTER\"><span style=\"font-size: large;\"><b>Katarzyna Wi\u015bniewska-Kobus<\/b><\/span><\/p>\n<\/td>\n<td width=\"20%\">\n<h5><strong>Lek. wet.<\/strong><\/h5>\n<h5><strong>Magdalena Buczy\u0144ska<\/strong><\/h5>\n<\/td>\n<td width=\"20%\">\n<p align=\"CENTER\"><span style=\"font-size: large;\"><b>Dr n. wet.<\/b><\/span><\/p>\n<p align=\"CENTER\"><span style=\"font-size: large;\"><b> Ma\u0142gorzata Taube<\/b><\/span><\/p>\n<\/td>\n<\/tr>\n<tr valign=\"TOP\">\n<td width=\"20%\">\n<p align=\"LEFT\"><span style=\"font-size: large;\"><b>Poniedzia\u0142ek<\/b><\/span><\/p>\n<\/td>\n<td width=\"20%\">\n<p style=\"text-align: center;\" align=\"CENTER\"><span style=\"font-size: large;\"><b>11-19<br \/>\n<\/b><\/span><\/p>\n<\/td>\n<td width=\"20%\">\n<p align=\"CENTER\"><span style=\"font-size: large;\"><strong>9-16<\/strong><br \/>\n<\/span><\/p>\n<\/td>\n<td width=\"20%\">\n<h5 style=\"text-align: center;\"><em><strong>9-16<\/strong><\/em><\/h5>\n<\/td>\n<td width=\"20%\">\n<p align=\"CENTER\"><span style=\"font-size: large;\"><b>16-19<\/b><\/span><\/p>\n<\/td>\n<\/tr>\n<tr valign=\"TOP\">\n<td width=\"20%\">\n<p align=\"LEFT\"><span style=\"font-size: large;\"><b>Wtorek<\/b><\/span><\/p>\n<\/td>\n<td width=\"20%\">\n<p align=\"CENTER\"><span style=\"font-size: large;\"><strong>9-15<\/strong><br \/>\n<\/span><\/p>\n<\/td>\n<td width=\"20%\">\n<p align=\"CENTER\"><span style=\"font-size: large;\"><strong>9-16<\/strong><br \/>\n<\/span><\/p>\n<\/td>\n<td width=\"20%\">\n<h5 style=\"text-align: center;\">12-19<\/h5>\n<\/td>\n<td width=\"20%\">\n<p align=\"CENTER\"><span style=\"font-size: large;\"><b>16-19<\/b><\/span><\/p>\n<\/td>\n<\/tr>\n<tr valign=\"TOP\">\n<td width=\"20%\">\n<p align=\"LEFT\"><span style=\"font-size: large;\"><b>\u015aroda<\/b><\/span><\/p>\n<\/td>\n<td width=\"20%\">\n<p align=\"CENTER\"><span style=\"font-size: large;\"><strong>9-15<\/strong><br \/>\n<\/span><\/p>\n<\/td>\n<td width=\"20%\">\n<p align=\"CENTER\"><span style=\"font-size: large;\"><strong>9-16<\/strong><br \/>\n<\/span><\/p>\n<\/td>\n<td width=\"20%\">\n<h5 style=\"text-align: center;\">12-19<\/h5>\n<\/td>\n<td width=\"20%\">\n<p align=\"CENTER\"><span style=\"font-size: large;\"><b>16-19<\/b><\/span><\/p>\n<\/td>\n<\/tr>\n<tr valign=\"TOP\">\n<td width=\"20%\">\n<p align=\"LEFT\"><span style=\"font-size: large;\"><b>Czwartek<\/b><\/span><\/p>\n<\/td>\n<td width=\"20%\">\n<p align=\"CENTER\"><span style=\"font-size: large;\"><strong>9-15<\/strong><br \/>\n<\/span><\/p>\n<\/td>\n<td width=\"20%\">\n<p align=\"CENTER\"><span style=\"font-size: large;\"><strong>12-19<\/strong><br \/>\n<\/span><\/p>\n<\/td>\n<td width=\"20%\">\n<h5 style=\"text-align: center;\">9-16<\/h5>\n<\/td>\n<td width=\"20%\">\n<p align=\"CENTER\"><span style=\"font-size: large;\"><b>16-19<\/b><\/span><\/p>\n<\/td>\n<\/tr>\n<tr valign=\"TOP\">\n<td width=\"20%\">\n<p align=\"LEFT\"><span style=\"font-size: large;\"><b>Pi\u0105tek<\/b><\/span><\/p>\n<\/td>\n<td width=\"20%\">\n<p align=\"CENTER\"><span style=\"font-size: large;\"><strong>10-19<\/strong><br \/>\n<\/span><\/p>\n<\/td>\n<td width=\"20%\">\n<p align=\"CENTER\"><span style=\"font-size: large;\"><strong>12-19<\/strong><br \/>\n<\/span><\/p>\n<\/td>\n<td width=\"20%\">\n<h5 style=\"text-align: center;\">9-16<\/h5>\n<\/td>\n<td width=\"20%\">\n<p align=\"CENTER\"><span style=\"font-size: large;\"><b>&#8211; &#8211; &#8211;<\/b><\/span><\/p>\n<\/td>\n<\/tr>\n<\/tbody>\n<\/table>\n<p><strong>poniedzia\u0142ek &#8211; pi\u0105tek\u00a0 9 -19\u00a0\u00a0\u00a0\u00a0 <\/strong><\/p>\n<p><strong>sobota\u00a0 9 &#8211; 11<\/strong><\/p>\n<ul style=\"text-align: justify;\">\n<li>Pacjent\u00f3w um\u00f3wionych na <strong>zabiegi operacyjne i pobranie krwi<\/strong> przyjmujemy <strong>poza kolejno\u015bci\u0105<\/strong>, co mo\u017ce si\u0119 \u0142\u0105czy\u0107 z d\u0142u\u017cszym oczekiwaniem na wizyt\u0119.<\/li>\n<\/ul>\n<p><span style=\"text-align: justify;\">\u00a0 \u00a0 \u00a0 \u00a0 \u00a0 \u00a0 \u00a0 \u00a0 \u00a0 \u00a0 \u00a0 \u00a0 \u00a0 \u00a0 \u00a0 \u00a0 \u00a0 \u00a0 \u00a0Za utrudnienia przepraszamy.<\/span><\/p>\n<ul style=\"text-align: justify;\">\n<li><span style=\"color: #ff0000;\"><strong>w sezonie urlopowym grafik b\u0119dzie ulega\u0142 zmianom<br \/>\n<\/strong><\/span><\/li>\n<\/ul>\n<p align=\"CENTER\"><!--StartFragment--><\/p>\n<p align=\"CENTER\"><strong><span style=\"color: #ff0000;\"><!--StartFragment--><\/span><\/strong><\/p>\n<p>\u00a0<!--StartFragment--><\/p>\n<p align=\"CENTER\"><strong style=\"font-weight: bold;\"><!--StartFragment--><\/strong><\/p>\n<p><!--EndFragment--><\/p>\n<p align=\"CENTER\"><strong><span style=\"color: #ff0000;\"><span style=\"font-family: inherit;\"><span style=\"font-size: medium;\">\u00a0<\/span><\/span><\/span><\/strong><\/p>\n<p><!--EndFragment--><\/p>\n","protected":false},"excerpt":{"rendered":"<p>\u00a0Lek.wet.\u00a0\u00a0 \u00a0 Anna\u00a0 \u00a0 Bielska\u00a0\u00a0 Lek. wet. Katarzyna Wi\u015bniewska-Kobus Lek. wet. Magdalena Buczy\u0144ska Dr n. wet. Ma\u0142gorzata Taube Poniedzia\u0142ek 11-19 9-16 9-16 16-19 Wtorek 9-15 9-16 12-19 16-19 \u015aroda 9-15 9-16 12-19 16-19 Czwartek 9-15 12-19 9-16 16-19 Pi\u0105tek 10-19 12-19 9-16 &#8211; &#8211; &#8211; poniedzia\u0142ek &#8211; pi\u0105tek\u00a0 9 -19\u00a0\u00a0\u00a0\u00a0 sobota\u00a0 9 &#8211; 11 Pacjent\u00f3w &hellip; <a href=\"https:\/\/lecznica.gdansk.pl\/?page_id=40\" class=\"more-link\">Czytaj dalej <span class=\"screen-reader-text\">GRAFIK<\/span> <span class=\"meta-nav\">&rarr;<\/span><\/a><\/p>\n","protected":false},"author":1,"featured_media":0,"parent":23,"menu_order":2,"comment_status":"closed","ping_status":"closed","template":"","meta":[],"_links":{"self":[{"href":"https:\/\/lecznica.gdansk.pl\/index.php?rest_route=\/wp\/v2\/pages\/40"}],"collection":[{"href":"https:\/\/lecznica.gdansk.pl\/index.php?rest_route=\/wp\/v2\/pages"}],"about":[{"href":"https:\/\/lecznica.gdansk.pl\/index.php?rest_route=\/wp\/v2\/types\/page"}],"author":[{"embeddable":true,"href":"https:\/\/lecznica.gdansk.pl\/index.php?rest_route=\/wp\/v2\/users\/1"}],"replies":[{"embeddable":true,"href":"https:\/\/lecznica.gdansk.pl\/index.php?rest_route=%2Fwp%2Fv2%2Fcomments&post=40"}],"version-history":[{"count":116,"href":"https:\/\/lecznica.gdansk.pl\/index.php?rest_route=\/wp\/v2\/pages\/40\/revisions"}],"predecessor-version":[{"id":1096,"href":"https:\/\/lecznica.gdansk.pl\/index.php?rest_route=\/wp\/v2\/pages\/40\/revisions\/1096"}],"up":[{"embeddable":true,"href":"https:\/\/lecznica.gdansk.pl\/index.php?rest_route=\/wp\/v2\/pages\/23"}],"wp:attachment":[{"href":"https:\/\/lecznica.gdansk.pl\/index.php?rest_route=%2Fwp%2Fv2%2Fmedia&parent=40"}],"curies":[{"name":"wp","href":"https:\/\/api.w.org\/{rel}","templated":true}]}}