{"id":53,"date":"2014-06-05T20:06:01","date_gmt":"2014-06-05T20:06:01","guid":{"rendered":"http:\/\/leczgda2.abit.gda.pl\/?page_id=53"},"modified":"2014-06-11T16:12:39","modified_gmt":"2014-06-11T16:12:39","slug":"chorob-wirusowych-kotow","status":"publish","type":"page","link":"https:\/\/lecznica.gdansk.pl\/?page_id=53","title":{"rendered":"Chor\u00f3b wirusowych kot\u00f3w"},"content":{"rendered":"<p>Wykonujemy nast\u0119puj\u0105ce rodzaje test\u00f3w:<\/p>\n<ul>\n<li><strong>FeLV<\/strong> &#8211; bia\u0142aczka kot\u00f3w<\/li>\n<li><strong>FIV<\/strong> &#8211; wirus niedoboru immunologicznego kot\u00f3w (tzw. koci AIDS)<\/li>\n<li><strong>FIP<\/strong> &#8211; zaka\u017ane zapalenia otrzewnej<\/li>\n<\/ul>\n<p>Testy oparte s\u0105 o technik\u0119 immunochromatograficzn\u0105 i pozwalaj\u0105 w ci\u0105gu 10-15 minut ustali\u0107 zaka\u017cenie kota. Do wykonania badania potrzebne s\u0105 2 krople krwi.<\/p>\n","protected":false},"excerpt":{"rendered":"<p>Wykonujemy nast\u0119puj\u0105ce rodzaje test\u00f3w: FeLV &#8211; bia\u0142aczka kot\u00f3w FIV &#8211; wirus niedoboru immunologicznego kot\u00f3w (tzw. koci AIDS) FIP &#8211; zaka\u017ane zapalenia otrzewnej Testy oparte s\u0105 o technik\u0119 immunochromatograficzn\u0105 i pozwalaj\u0105 w ci\u0105gu 10-15 minut ustali\u0107 zaka\u017cenie kota. Do wykonania badania potrzebne s\u0105 2 krople krwi.<\/p>\n","protected":false},"author":1,"featured_media":0,"parent":32,"menu_order":6,"comment_status":"closed","ping_status":"closed","template":"","meta":[],"_links":{"self":[{"href":"https:\/\/lecznica.gdansk.pl\/index.php?rest_route=\/wp\/v2\/pages\/53"}],"collection":[{"href":"https:\/\/lecznica.gdansk.pl\/index.php?rest_route=\/wp\/v2\/pages"}],"about":[{"href":"https:\/\/lecznica.gdansk.pl\/index.php?rest_route=\/wp\/v2\/types\/page"}],"author":[{"embeddable":true,"href":"https:\/\/lecznica.gdansk.pl\/index.php?rest_route=\/wp\/v2\/users\/1"}],"replies":[{"embeddable":true,"href":"https:\/\/lecznica.gdansk.pl\/index.php?rest_route=%2Fwp%2Fv2%2Fcomments&post=53"}],"version-history":[{"count":3,"href":"https:\/\/lecznica.gdansk.pl\/index.php?rest_route=\/wp\/v2\/pages\/53\/revisions"}],"predecessor-version":[{"id":120,"href":"https:\/\/lecznica.gdansk.pl\/index.php?rest_route=\/wp\/v2\/pages\/53\/revisions\/120"}],"up":[{"embeddable":true,"href":"https:\/\/lecznica.gdansk.pl\/index.php?rest_route=\/wp\/v2\/pages\/32"}],"wp:attachment":[{"href":"https:\/\/lecznica.gdansk.pl\/index.php?rest_route=%2Fwp%2Fv2%2Fmedia&parent=53"}],"curies":[{"name":"wp","href":"https:\/\/api.w.org\/{rel}","templated":true}]}}