{"id":58,"date":"2014-06-05T20:08:19","date_gmt":"2014-06-05T20:08:19","guid":{"rendered":"http:\/\/leczgda2.abit.gda.pl\/?page_id=58"},"modified":"2014-06-19T18:33:25","modified_gmt":"2014-06-19T18:33:25","slug":"chirurgia","status":"publish","type":"page","link":"https:\/\/lecznica.gdansk.pl\/?page_id=58","title":{"rendered":"Chirurgia"},"content":{"rendered":"<p>Przeprowadzamy zabiegi chirurgiczne ps\u00f3w kot\u00f3w<br \/>\noraz zwierz\u0105t egzotycznych<\/p>\n","protected":false},"excerpt":{"rendered":"<p>Przeprowadzamy zabiegi chirurgiczne ps\u00f3w kot\u00f3w oraz zwierz\u0105t egzotycznych<\/p>\n","protected":false},"author":1,"featured_media":0,"parent":56,"menu_order":1,"comment_status":"closed","ping_status":"closed","template":"","meta":[],"_links":{"self":[{"href":"https:\/\/lecznica.gdansk.pl\/index.php?rest_route=\/wp\/v2\/pages\/58"}],"collection":[{"href":"https:\/\/lecznica.gdansk.pl\/index.php?rest_route=\/wp\/v2\/pages"}],"about":[{"href":"https:\/\/lecznica.gdansk.pl\/index.php?rest_route=\/wp\/v2\/types\/page"}],"author":[{"embeddable":true,"href":"https:\/\/lecznica.gdansk.pl\/index.php?rest_route=\/wp\/v2\/users\/1"}],"replies":[{"embeddable":true,"href":"https:\/\/lecznica.gdansk.pl\/index.php?rest_route=%2Fwp%2Fv2%2Fcomments&post=58"}],"version-history":[{"count":2,"href":"https:\/\/lecznica.gdansk.pl\/index.php?rest_route=\/wp\/v2\/pages\/58\/revisions"}],"predecessor-version":[{"id":136,"href":"https:\/\/lecznica.gdansk.pl\/index.php?rest_route=\/wp\/v2\/pages\/58\/revisions\/136"}],"up":[{"embeddable":true,"href":"https:\/\/lecznica.gdansk.pl\/index.php?rest_route=\/wp\/v2\/pages\/56"}],"wp:attachment":[{"href":"https:\/\/lecznica.gdansk.pl\/index.php?rest_route=%2Fwp%2Fv2%2Fmedia&parent=58"}],"curies":[{"name":"wp","href":"https:\/\/api.w.org\/{rel}","templated":true}]}}